7 + -14 + 1 + 77?
71
Let r(o) = 6*o**2 - 44*o + 54. Let v(p) = -p**2 + 9*p - 11. Let f(u) = -2*r(u) - 11*v(u). Let x be 1/2*2*-10. List the prime factors of f(x).
23
What are the prime factors of (1 + 343/(-28))/(2/(-632))?
3, 5, 79
Let t be ((-20)/2)/(-2 + 0). Suppose 7 = -t*g + 127. What are the prime factors of g?
2, 3
Let b(y) = -y - 5. Let c be b(-9). Suppose 3*u = -3*a + 2*u + 47, c*a + 5*u = 70. Let f = 42 - a. What are the prime factors of f?
3
Let w be -4 + 3 + 5 - 0. Suppose -3*b - 73 = -2*j, -3*j + 121 = -w*b + 13. What are the prime factors of j?
2
Let l be -2 + -8 - 2 - -4. What are the prime factors of (-2 + (-36)/l)*12?
2, 3, 5
Suppose -10*r = -11*r + 3. Let s(c) = -27*c - c**2 - 4 + 37*c - r. List the prime factors of s(7).
2, 7
Suppose 3*l = 2*l - 6848. What are the prime factors of (l/(-44))/2 + 2/11?
2, 3, 13
Let k be (-20)/(-2) + (1 - 1). Suppose 26 = 2*b - k. What are the prime factors of 2/9 - (-482)/b?
3
What are the prime factors of 32265/30 + ((-14)/(-4) - 2)?
3, 359
Suppose 62 = -4*u + 190. Suppose u = -4*f + 6*f. What are the prime factors of f?
2
Suppose -30*s - 853 = -5*t - 29*s, -s - 3 = 0. List the prime factors of t.
2, 5, 17
Let j(m) = 4 - 6 - 6 - m**2 - 4 - 16*m. What are the prime factors of j(-8)?
2, 13
Let x(u) = -u**3 + 4*u**2 + 8*u - 12. Let a(c) = c**2 - 6*c + 5. Let i be a(6). Let k be x(i). Suppose -k*g + 7*g - 56 = 0. List the prime factors of g.
2, 7
Let t = -631 + 1829. List the prime factors of t.
2, 599
Let d(u) = -u**3 + u. Let a(h) = 3*h**3 - 3*h**2 - h - 3. Let z(p) = -a(p) - 4*d(p). Let i be z(-5). Let f = i - -48. List the prime factors of f.
2
Suppose -2*u - 4*y + 3884 = 0, -u - 8*y = -10*y - 1938. List the prime factors of u.
2, 5, 97
Let m be 3963/21 - (-2)/7. Suppose -4*v = -0*v - 3*f - 219, -4*v - 3*f + m = 0. Suppose -3*b + 0*b = -v. What are the prime factors of b?
17
Let f = 10 + 28. Let v = f - 57. Let y = v + 24. List the prime factors of y.
5
Let y(o) = -o**3 - 13*o**2 + 12*o - 13. Let m be y(-14). List the prime factors of (m/(-25))/(1/(-30)).
2, 3
Let u = 2355 + -1373. List the prime factors of u.
2, 491
Suppose 33*g = 14*g + 1615. What are the prime factors of g?
5, 17
Let m = 111 - 106. Suppose 5 = -3*j + 11, 0 = 4*w + m*j - 194. List the prime factors of w.
2, 23
Let t be (-18)/((-3 - -2)*2). Suppose -t*y + 506 = -223. What are the prime factors of y?
3
Let q(w) = -327*w + 270. List the prime factors of q(-7).
3, 853
Let t = -2778 + 5545. What are the prime factors of t?
2767
Let r = -273 + 70. Let p = r + 298. Suppose -2*f - y + 18 + 9 = 0, 3*y + p = 5*f. What are the prime factors of f?
2
Suppose -5*g + c + 8365 = 0, 49*g - c = 45*g + 6692. What are the prime factors of g?
7, 239
Suppose 4*v - 95 = -15. List the prime factors of (1112/v)/((-4)/(-10)).
139
Let s(b) = b**2 - 9*b - 44. Let l(o) = -2*o - 11. Let d(a) = -9*l(a) + 2*s(a). List the prime factors of d(-9).
173
Suppose 0 = 38*r - 25568 - 26340. What are the prime factors of r?
2, 683
Let w(r) be the second derivative of r**6/80 - r**5/6 + r**4/2 + 15*r. Let p(i) be the third derivative of w(i). List the prime factors of p(7).
43
Let i = 28 + -13. Suppose -13 = -5*w - 2*u, -4*u - 1 = -2*w - i. What are the prime factors of -4*(-3 - w) - -4?
2, 5
What are the prime factors of ((-3)/(8 + -20))/(1/124)?
31
Let g = -11 + 7. Let m(l) be the first derivative of -l**4/4 - l**3 + 3*l - 9. List the prime factors of m(g).
19
What are the prime factors of (-3 + -7)*1/(5/(-288))?
2, 3
Let l(m) = m**2 + 1. Let n(q) = q**3 - 4*q**2 + 17. Let r(j) = 3*l(j) + n(j). Let t be 1/4 - 2/8. What are the prime factors of r(t)?
2, 5
Let q(k) = -k**3 - 16*k**2 - 27*k + 30. List the prime factors of q(-16).
2, 3, 7, 11
Let q be (4/1)/16 - 33/(-12). Suppose 4*x = -0*x + q*c + 500, -4*x = -2*c - 496. List the prime factors of x.
2, 61
Suppose 6*h + 121 = 10111. List the prime factors of h.
3, 5, 37
Suppose 0 = b - 0*b - 14. Let h = 33 + b. Let r = -12 + h. What are the prime factors of r?
5, 7
Suppose 15*r - 4*r + 572 = 0. What are the prime factors of r*((-7)/(-4) - 2)?
13
Suppose 0 = 3*x + 2*x - 2*r + 1174, r - 2 = 0. Let l = -145 - x. List the prime factors of l.
89
Let j(z) = 2*z**3 + 41*z**2 - 7*z - 65. List the prime factors of j(-19).
1151
Suppose -12*b + 16*b = 1048. What are the prime factors of b?
2, 131
Let c be -458*((-2)/(-8))/(1/(-2)). Suppose -3*o + 4*o - c = 0. List the prime factors of o.
229
Suppose 88 = -2*s + s. Let m = -35 - s. What are the prime factors of m?
53
Let b(u) = 3*u**2 + 3*u + 3. Suppose 4*a + 1 + 3 = 0. List the prime factors of b(a).
3
Suppose 0 = -o - 0 + 3, 0 = -2*t - 2*o - 54. List the prime factors of 1/5 + (-2934)/t + -3.
5, 19
Let i(f) = -20*f + 45. Let d be i(-7). Suppose -2*j - 239 + 54 = -5*w, -5*w + 5*j + d = 0. List the prime factors of w.
37
Suppose -12*c = -5 - 7. List the prime factors of (47 - (-2 - c))*(-8)/(-4).
2, 5
Suppose -8*p + 4*p = 2*s - 504, -p = -4*s + 972. What are the prime factors of s?
2, 61
Let v be (-4)/(-1) - (2 + 0). Let z(d) = d**2 - 20*d + 62. Let k be z(16). What are the prime factors of v + (k - -3) + 9?
2, 3
Let h(a) = -187*a - 65. What are the prime factors of h(-9)?
2, 809
Suppose 4*v - 8*v = -312. Suppose -l = l - v. List the prime factors of l.
3, 13
Suppose 0 = 5*j - 5*k - 6060, 5*k - 1236 = -8*j + 7*j. What are the prime factors of j?
2, 19
Let a(v) = -346*v + 272. What are the prime factors of a(-12)?
2, 7, 79
Let s(z) be the second derivative of 0 + 1/6*z**3 - 3*z + 4*z**2. What are the prime factors of s(7)?
3, 5
Let b(h) = 3*h**2 + 2*h - 8 + h**3 - 4*h**2 + 12*h**2 + 16*h. List the prime factors of b(-6).
2
Let q(u) = 5*u**3 - 4*u**2 + 4*u - 19. List the prime factors of q(5).
2, 263
Let k = -837 + 1698. Suppose 0 = -6*l + 3*l + k. List the prime factors of l.
7, 41
Suppose 3*y + 149 + 511 = 4*p, p + 3*y = 180. Suppose -2*a + 2*t - 89 = -a, -t - 392 = 4*a. Let f = p + a. List the prime factors of f.
71
Suppose -v = 5*v - 144. Let m(j) = -j - j + 1 + v + 5. List the prime factors of m(0).
2, 3, 5
Let q(w) be the second derivative of 8*w**3/3 + w**2/2 + w. List the prime factors of q(2).
3, 11
Let w = 8 + 659. Let b = w + -404. List the prime factors of b.
263
Suppose 2*z - 18 = -2*z - 2*i, -z + 3*i = -1. Suppose z*t + 0*t = 8. Suppose 0 = -2*l - 8, -6*l + t*l + 99 = 5*k. List the prime factors of k.
23
Let h = -10 + 13. Suppose 2*f - 8 = 0, -5*b - 6*f = -h*f - 12. Suppose -2*w - 7*u + 3*u + 38 = b, -35 = -w + 2*u. List the prime factors of w.
3
Let c = 134 + -18. Suppose -324 - c = -4*y - 4*h, -2*h + 556 = 5*y. What are the prime factors of y?
2, 7
Let l be 4/(-8)*-8*(-5)/(-2). Suppose -l*t + 5*t = -350. List the prime factors of t.
2, 5, 7
Suppose 100 = 6*f - 2*f. Suppose -5*k + 5*w = -f, 3*k + w + 5 = 2*k. Let g(t) = -t**2 + t + 2. List the prime factors of g(k).
2
Let t = 2467 - -2209. What are the prime factors of t?
2, 7, 167
Suppose -3*u + 0*u = 27. Let i(n) = 2*n**2 + 2*n - 12. List the prime factors of i(u).
2, 3, 11
Suppose 5*x = -i - 14, 0 = -3*i + 7*i + x - 1. Let m(s) = 18 - s - i - s**2 + 24. What are the prime factors of m(0)?
41
Let t = 7220 + -4709. List the prime factors of t.
3, 31
Let i = 283 + -114. What are the prime factors of i?
13
Let c = 6 + -2. Suppose -a + 1438 = -c*x - 0*a, -a + 718 = -2*x. What are the prime factors of x/(-14) - (-6)/21?
2, 13
Let l be ((-3)/4)/(3/(-12)). Suppose -264 + 63 = -l*h. What are the prime factors of h?
67
Let r = -51 + 5. Let s = r + 32. Let h = 37 + s. List the prime factors of h.
23
What are the prime factors of (1635/45 - 1/3) + 2?
2, 19
Let n = 11 + -24. Let f(v) = -6*v - 11. Let a be f(n). Suppose 3*j = 4*c + a, -3*c = 5*j - 60 - 100. What are the prime factors of j?
29
Let u(s) = s**2 - 3*s + 1. Let q(b) = -b - 4. Let a be q(-6). Let t be u(a). List the prime factors of 24/2 + 2 + t.
13
Let s(n) = 8*n**2 + 6*n - 6. Let g be s(5). Suppose -2*q + k - g = 0, 3*q = -k - 55 - 271. What are the prime factors of (-24)/(-36) - q/6?
19
Suppose -3*j - 2872 = -4*v + 4385, 4*v = j + 7259. What are the prime factors of (-8)/14 + v/77?
23
Let a = 16 - 43. Let l = 38 - a. List the prime factors of l.
5, 13
Suppose 5*g - 45 - 20 = 0. Suppose 2*y - 59 = 8*f - 9*f, -y + 5*f = -g. What are the prime factors of y?
2, 